{"id":9,"date":"2018-09-23T07:32:04","date_gmt":"2018-09-23T05:32:04","guid":{"rendered":"http:\/\/188.194.196.62\/index.php\/jobs\/"},"modified":"2023-01-19T16:18:58","modified_gmt":"2023-01-19T15:18:58","slug":"jobs","status":"publish","type":"page","link":"https:\/\/www.wprjobs4u.de\/","title":{"rendered":"Jobs"},"content":{"rendered":"\n<p class=\"has-text-align-left\"> <\/p>\n\n\n\n\t\t\t<!-- coveto Stellenportal iframe -->\n\t\t\t<iframe \n\t\t\t\tsrc=\"https:\/\/k57875.coveto.de\/public\/jobs\/\" \n\t\t\t\tborder=\"0\" \n\t\t\t\tstyle=\"border: none;\" \n\t\t\t\twidth=\"100%\" \n\t\t\t\theight=\"800\"\n\t\t\t><\/iframe>\n\t\t\t<p \n\t\t\t\tid=\"poweredbycoveto\" \n\t\t\t\tstyle=\"margin-top:20px; text-align:right;\"\n\t\t\t>\n\t\t\t\t<a \n\t\t\t\t\tstyle=\"font-size: 10px; color: #AAA;text-decoration:none;\" \n\t\t\t\t\thref=\"https:\/\/www.coveto.de\" \n\t\t\t\t\ttarget=\"_blank\" \n\t\t\t\t\trel=\"noopener\"\n\t\t\t\t>powered by coveto, Software f&uuml;r Bewerberverwaltung<\/a>\n\t\t\t<\/p>\n\t\t\t<script \n\t\t\t\ttype=\"text\/javascript\" \n\t\t\t\tsrc=\"https:\/\/k57875.coveto.de\/jobs.js\"\n\t\t\t><\/script>\n\t\t\t<!-- end of coveto Stellenportal iframe -->\n\t\t\n\n\n\n<p class=\"has-text-align-left\"><div class=\"job-listing row clearfix\"><div class=\"column medium-12 col-md-12\"><div class=\"job-preview clearfix\" ><div class=\"job-content\"><h5><a href=\"https:\/\/www.wprjobs4u.de\/index.php\/job\/wpr-personalleasing-gmbh-muenchen-muenchen-frueh-spaet-alles-geht-servicekraft-w-m-x-dein-minijob-in-muenchen\/\" target=\"_self\"><span>Servicekraft m\/w\/d Fr\u00fch, sp\u00e4t, alles geht, Dein Minijob in M\u00fcnchen<\/span><\/a><\/h5><div class=\"job-additional-information\"><span>M\u00fcnchen<\/span><span class=\"job-preview-details-separator\">, <span><span>Tageweise<\/span><\/div><\/div><div class=\"job-cta\"><a href=\"https:\/\/www.wprjobs4u.de\/index.php\/job\/wpr-personalleasing-gmbh-muenchen-muenchen-frueh-spaet-alles-geht-servicekraft-w-m-x-dein-minijob-in-muenchen\/\" target=\"_self\" class=\"apply-btn local\">Ansehen<\/a><\/div><\/div><\/div><\/div> <\/p>\n","protected":false},"excerpt":{"rendered":"","protected":false},"author":1,"featured_media":0,"parent":0,"menu_order":0,"comment_status":"closed","ping_status":"closed","template":"","meta":{"footnotes":""},"_links":{"self":[{"href":"https:\/\/www.wprjobs4u.de\/index.php\/wp-json\/wp\/v2\/pages\/9"}],"collection":[{"href":"https:\/\/www.wprjobs4u.de\/index.php\/wp-json\/wp\/v2\/pages"}],"about":[{"href":"https:\/\/www.wprjobs4u.de\/index.php\/wp-json\/wp\/v2\/types\/page"}],"author":[{"embeddable":true,"href":"https:\/\/www.wprjobs4u.de\/index.php\/wp-json\/wp\/v2\/users\/1"}],"replies":[{"embeddable":true,"href":"https:\/\/www.wprjobs4u.de\/index.php\/wp-json\/wp\/v2\/comments?post=9"}],"version-history":[{"count":15,"href":"https:\/\/www.wprjobs4u.de\/index.php\/wp-json\/wp\/v2\/pages\/9\/revisions"}],"predecessor-version":[{"id":3318,"href":"https:\/\/www.wprjobs4u.de\/index.php\/wp-json\/wp\/v2\/pages\/9\/revisions\/3318"}],"wp:attachment":[{"href":"https:\/\/www.wprjobs4u.de\/index.php\/wp-json\/wp\/v2\/media?parent=9"}],"curies":[{"name":"wp","href":"https:\/\/api.w.org\/{rel}","templated":true}]}}